ommon factor of l and 8.
8
Let x = 14 + 4. Let b be (-2)/(-3) + 5328/27. What is the greatest common divisor of b and x?
18
Let n = 120 + -75. Suppose 0 = 3*b - 2*b - 5. Calculate the highest common factor of n and b.
5
Suppose -2*g + 5*r = 3*g + 10, -4*g - 2*r = -4. Suppose 0*p + 4*p - 1496 = g. Suppose 4*b - p = 2*b. What is the highest common factor of b and 17?
17
Let p be (-12 + -2)*(-3)/6. What is the greatest common factor of 28 and p?
7
Let a(z) = -5*z - 3. Let k be a(-1). Calculate the highest common factor of 10 and k.
2
Let k be (2 + 0)/((-6)/(-273)). What is the highest common factor of k and 13?
13
Let p = 96 + -54. What is the greatest common divisor of 6 and p?
6
Let a = -50 + -36. Let h be (-5)/(-20) - a/8. Calculate the greatest common divisor of h and 44.
11
Let x = -164 + -157. Let y be 0 - (2 - 430/(-2)). Let i = y - x. What is the greatest common divisor of 13 and i?
13
Let u be 32/20 - 4/(-10). Suppose -u*n + n = 13. Let m = n + 25. What is the highest common factor of 8 and m?
4
Suppose b = 2*z + 11, -6*z = -4*b - z + 29. Suppose 0 = n - 5 - b. Let l be (45/2)/(3/n). What is the highest common divisor of l and 15?
15
Suppose 5*l - 2 = 8. Suppose 2*s - l*h = -2*s - 442, 0 = -5*s - 4*h - 585. Let o = s + 245. Calculate the highest common divisor of 12 and o.
12
Suppose 24 = j - s + 5, 4*s + 42 = 2*j. Calculate the highest common factor of 136 and j.
17
Let m be 4/((-92)/(-28) + -3). What is the highest common factor of m and 21?
7
Let a = -3 - -6. Let j(k) = 2*k**3 - 1. Let o be j(1). Let i(t) = 5*t**3 + t**2 + t - 1. Let b be i(o). What is the highest common factor of b and a?
3
Let j(h) = 8*h**3 + h**2 - 4*h - 4. Let g(n) = n + 1. Let p(u) = -4*g(u) - j(u). Let t be p(1). Let r = 19 + t. What is the highest common factor of r and 30?
10
Let f be 2/(-9) + (-2574)/81. Let h be 0 + (-3)/(6/f). Calculate the greatest common factor of 64 and h.
16
Suppose -c + g = -2*c + 16, 4*c - 3*g = 29. Let v be 5694/65 + (1 - (-3)/(-5)). What is the highest common factor of v and c?
11
Suppose -58 = -2*m + 14. Suppose 0*w = 2*q - 5*w - 5, 5*q = 5*w + 5. Suppose 4*o = n + 4 + 12, q = -n. What is the highest common factor of m and o?
4
Let c = 91 + -81. What is the greatest common divisor of 25 and c?
5
Suppose 2*u - u - 15 = 0. Suppose -f = -17 - 13. Calculate the greatest common factor of u and f.
15
Let h = -2 - 7. Let p = -3 - h. What is the highest common factor of p and 4?
2
Suppose -l = -4*f + l + 154, -61 = -f + 5*l. What is the highest common factor of 9 and f?
9
Let o = -19 + 27. Suppose d = -3 + o. Let t = -19 + 44. Calculate the greatest common factor of d and t.
5
Suppose 0 = 5*w + 3*t - 12, 4*w - 2*t = t + 15. Suppose 0 = w*x + 2*x. Suppose x*o = 2*o - 112. Calculate the greatest common divisor of 14 and o.
14
Let a be 2*((-10)/4)/1. Let l be (-6)/a + (-2)/10. Let h be 24/3 + (l - 2). Calculate the highest common factor of h and 63.
7
Suppose -3*f + 6 = -0*f. Let c be f/5 + (-140)/(-25). Suppose 0 = -5*m - t + 34, -3*m - t + 22 = -0*t. What is the greatest common factor of m and c?
6
Suppose -i = -19 - 56. Let r = i - -45. Suppose -2*v = v - 36. What is the highest common divisor of v and r?
12
Suppose 2*v = 2 + 6. Suppose -4*c + 20 = -4*l, c = 5*c + 4*l + 20. Suppose -3*s + 5*u + 108 = 0, -u + 0*u = c. What is the highest common factor of s and v?
4
Let p be 31*(1 - -1) + (-180)/(-45). What is the highest common divisor of p and 66?
66
Let m(k) = -9*k**3 + 2*k**2 - k - 2. Let i be m(-2). What is the greatest common divisor of 32 and i?
16
Suppose 2*v - 4*v - 8 = 0. Let t be 8 + (-1 - v) + -1. Calculate the highest common factor of t and 20.
10
Let u be (-38)/34 - -1 - 8616/(-408). Calculate the greatest common divisor of u and 3.
3
Let h = -7 - -11. Suppose 2*r + 2*j = -h, 4*j = r - 2*r - 5. Let a = r + 6. What is the highest common divisor of 10 and a?
5
Suppose -5*b + 7*x = 2*x - 30, -5*b + 50 = -x. Let w = 42 + -19. Let c = w - b. Calculate the highest common divisor of c and 12.
12
Let j = 28 - -8. What is the highest common factor of j and 24?
12
Suppose -40 = -3*q + 32. Calculate the greatest common divisor of 24 and q.
24
Let y = 15 + -11. Let a be 202/10 + y/(-20). What is the greatest common factor of 200 and a?
20
Let t = 8 - 4. Suppose h + 65 = 5*f, -2*f + 4*h + 48 = t. Suppose 3*d - 60 - f = 0. What is the highest common divisor of d and 8?
8
Let v(c) = 2*c**2 + 7*c + 6. Let q be v(-4). Calculate the highest common divisor of q and 70.
10
Let q(j) = -j + 1. Let z be q(-3). Suppose -5*s = f + 27, -z*s - 2*f - 6 = -2*s. Let x be (0 + s/2)*-1. What is the greatest common factor of 12 and x?
3
Let g(j) = j**3 - 10*j**2 + 11*j - 8. Let c be g(9). Calculate the greatest common divisor of 5 and c.
5
Let s = 98 + -41. Let o = s - -55. Calculate the highest common divisor of 14 and o.
14
Let u(o) = -o + 4. Suppose -5*a = -2*f + 3*f + 37, 2*a + 6 = 4*f. Let d = -14 - a. Let h be u(d). Calculate the highest common divisor of 1 and h.
1
Let h(m) = -m**2 + 8*m - 4. Let o = 15 + -8. Let a be h(o). Suppose -5*x + a + 32 = 0. What is the highest common divisor of 56 and x?
7
Let p(a) = a**2 - 3*a + 2. Let b be p(6). What is the highest common factor of 4 and b?
4
Suppose 2*j = -2*q + 18, 3*q = 26 - 11. Suppose -2*k = -15 + 5. Let u = k + -1. Calculate the highest common divisor of u and j.
4
Suppose -2*v = -0*v - 20. Let r(n) = n**2 + 3*n - 3. Let p be r(-3). Let l be (10/p)/(2/(-6)). Calculate the greatest common factor of l and v.
10
Let b be 56/(-6)*3/(-2). Let o be b/(-2)*(0 + -1). Suppose 0*t + t = m + 45, 5*t = -3*m + 257. What is the greatest common factor of o and t?
7
Let o = 15 + -18. Let b be o*1 + 17 + 4. What is the highest common factor of b and 9?
9
Let n = 31 - 27. Calculate the highest common divisor of n and 8.
4
Suppose 5*d = -3*b + 59, -3*d + 4*b - b = -21. Calculate the greatest common factor of d and 110.
10
Let r(i) = -i**3 - 7*i**2 - 8*i + 14. Let h be r(-5). Calculate the greatest common factor of h and 18.
2
Let h(f) = -f**2 - 2*f - 1. Let v be h(-1). Suppose -5*m + 45 + 305 = v. Calculate the highest common divisor of m and 28.
14
Let k(a) = -a**2 + 10*a. Let u be k(10). Suppose 0 = 3*c - u*c - 432. What is the greatest common factor of 18 and c?
18
Suppose 4*h - 4*a - 33 = -9, 2*h - 3*a = 10. Let k = h + -3. Calculate the greatest common divisor of k and 45.
5
Suppose -2*t + 65 = -5*x, -4*x + 175 = 4*t + x. Calculate the highest common divisor of 5 and t.
5
Suppose -5*l = -3*y + 10, -2*y + 4*y - 2 = l. Let h(z) = -64*z - 3. Let p be h(l). Let o be (-2)/(-3) + p/15. Calculate the greatest common factor of o and 36.
9
Let n(h) = h - 1. Let z(k) = 3*k**2 - 2. Let y(b) = -2*n(b) + z(b). Let p be y(3). Calculate the greatest common divisor of 231 and p.
21
Let k(c) = 5*c + 12. Let t be k(-2). What is the greatest common factor of t and 28?
2
Let y(g) = 2*g**2 + 2*g. Let j be y(4). Let z = -7 + 11. Suppose 0 = z*f - 10 - 22. Calculate the greatest common divisor of f and j.
8
Suppose -1 = -p + 3. Let w = -26 - -36. What is the highest common divisor of p and w?
2
Let k(w) = -3*w + 4*w + 5*w + w**2 + 5. Let h be k(-5). Suppose 5*a + 4*q = 53, 3*a = -h*q + 3*q + 48. What is the greatest common divisor of a and 39?
13
Suppose 2*y - 5 = m, 0*m + 10 = -m + 3*y. Suppose v + 1 = 11. What is the greatest common divisor of m and v?
5
Let f(s) = 2*s**2 - 6*s - 7. Let j be f(7). Let c(q) = -q**2 + 7*q - 5. Let z be c(4). What is the greatest common divisor of z and j?
7
Let x(g) = -g**2 - 5*g - 1. Let y be x(-5). Let d(c) = 5*c**2 + c + 1. Let h be d(y). Let r = -64 + 104. What is the greatest common divisor of r and h?
5
Suppose -4*b = 2*u - 10, -4*u = b - 9 - 39. Calculate the greatest common factor of u and 117.
13
Let x = 23 - 14. Let b = 19 - x. Suppose -3*f + 8*f + 4*j - 566 = 0, 4*j - 16 = 0. Calculate the greatest common divisor of f and b.
10
Let k(j) = j**3 - 6*j**2 + 3. Let c be k(6). Let p be (-5)/((-10)/12) - c. Suppose -p*d = -0*d - 180. What is the greatest common factor of d and 40?
20
Suppose y = -7*y + 104. What is the greatest common factor of 26 and y?
13
Let q = 74 + -47. What is the greatest common divisor of 9 and q?
9
Suppose -8*b + 6 = -9*b. Let z be (-3)/b*4 - -1. What is the highest com